 y(-11)?
-1
Let p(r) = r**3 - 25*r**2 + 2*r + 133. Give p(25).
183
Let c(i) = i + 94. What is c(20)?
114
Let v(o) = 985*o + 2989. Give v(-3).
34
Let p(x) = -42*x**2 - 5456*x + 529. Give p(-130).
9
Let f(p) = -36*p**2 - 54*p + 273. Determine f(5).
-897
Let u(g) = -3*g**2 - 131*g - 212. Give u(-42).
-2
Let t(q) = 3*q**2 + 129*q + 623. Give t(-6).
-43
Let l(v) = -25*v + 837. Calculate l(36).
-63
Let x(c) = 7*c**3 + 2*c**2 - 98*c - 99. Calculate x(-1).
-6
Let o(p) = -6665*p - 19997. Give o(-3).
-2
Let m(j) = j**3 - 7*j**2 - j + 11. Give m(6).
-31
Let w(s) = -s**3 + 2*s**2 + 21*s + 210. Determine w(0).
210
Let f(w) = 2*w**3 + 17*w**2 + 3*w - 34. Determine f(-8).
6
Let b(s) = s**3 + 3*s**2 - 12*s - 29. What is b(-5)?
-19
Let n(z) = -z**2 + 45*z + 538. Calculate n(-10).
-12
Let h(y) = -19*y + 1427. Determine h(67).
154
Let f(u) = -90*u + 4947. Determine f(55).
-3
Let v(j) = -j**3 + 43*j**2 + 2*j + 227. Give v(43).
313
Let s(g) = -110*g + 17252. What is s(157)?
-18
Let k(x) = -x**3 + 31*x**2 - 59*x + 32. Determine k(29).
3
Let s(n) = 1782*n + 30270. Give s(-17).
-24
Let j(h) = -10*h**2 - 118*h + 299. Calculate j(-14).
-9
Let y(u) = u**2 - 13*u - 306. Calculate y(-13).
32
Let m(i) = i**3 - 43*i**2 - 29*i - 206. Calculate m(44).
454
Let h(g) = -g**3 + 29*g**2 - 198*g - 20. What is h(18)?
-20
Let a(x) = 5*x - 241. Calculate a(9).
-196
Let d(o) = 778*o. Calculate d(0).
0
Let d(n) = -n**3 - 18*n**2 - 45*n - 1. Give d(-15).
-1
Let v(a) = a**2 - 66*a + 173. What is v(60)?
-187
Let f(o) = -3*o**2 + 51*o - 204. Determine f(10).
6
Let t(a) = -5*a**2 + 281*a + 220. What is t(57)?
-8
Let c(v) = -8440*v + 92841. What is c(11)?
1
Let h(x) = x + 50. What is h(-19)?
31
Let p(h) = -25*h**2 + 150*h - 114. Determine p(5).
11
Let c(x) = x**3 + 9*x**2 - 87*x - 181. Calculate c(7).
-6
Let o(q) = 44*q**2 + 1113*q + 307. What is o(-25)?
-18
Let x(n) = 5*n**2 - 7*n + 36. Give x(5).
126
Let a(j) = -4*j**2 + 208*j + 652. Calculate a(55).
-8
Let u(l) = 23*l**3 + 3*l**2 + 22*l + 19. Determine u(-1).
-23
Let d(t) = 339*t - 306. Calculate d(1).
33
Let v(s) = s**2 + 31*s + 257. Determine v(-22).
59
Let z(n) = 21*n**3 + 274*n**2 + 17*n + 61. Give z(-13).
9
Let d(v) = 1196*v + 2370. Give d(-2).
-22
Let z(r) = -72*r - 854. What is z(-12)?
10
Let s(m) = -m**3 - 14*m**2 - 9*m + 188. Give s(-12).
8
Let n(m) = -m**2 - 33*m + 143. Determine n(-37).
-5
Let d(x) = -x**3 + 86*x**2 - 86*x + 96. Calculate d(85).
11
Let h(w) = -w**3 + 115*w**2 - w + 127. Determine h(115).
12
Let r(m) = 62*m - 1512. Determine r(27).
162
Let s(c) = c**2 + 14*c - 20. Give s(-23).
187
Let o(j) = j**3 - 46*j**2 + 202*j + 118. Give o(41).
-5
Let y(r) = 2*r**2 - 44*r + 196. Determine y(16).
4
Let s(o) = 18*o - 139. Determine s(17).
167
Let w(u) = -25*u + 142. Calculate w(6).
-8
Let n(y) = 3*y**2 + 177*y + 1544. Give n(-11).
-40
Let c(d) = -3*d**3 + 64*d**2 - 16*d + 8. Determine c(21).
113
Let o(u) = 2*u**2 + 5086*u - 10178. Calculate o(2).
2
Let n(q) = 2*q**2 + 104*q + 454. Give n(-47).
-16
Let i(j) = j**3 - 232*j**2 + 663*j + 5410. Determine i(229).
-86
Let v(x) = 431*x - 3871. Determine v(8).
-423
Let j(h) = 26*h**3 - 2*h**2 + 1124*h - 1123. What is j(1)?
25
Let c(s) = s**3 - 9*s**2 + s + 58. What is c(7)?
-33
Let h(j) = -17*j - 662. What is h(-39)?
1
Let i(x) = 11*x**3 - 22*x**2 - 5*x + 6. Calculate i(2).
-4
Let r(p) = -p**2 - 34*p + 8. What is r(-4)?
128
Let i(t) = 34*t - 111. What is i(4)?
25
Let y(n) = n**2 - 97*n + 1535. Calculate y(77).
-5
Let j(h) = h**2 - 47*h + 385. Calculate j(35).
-35
Let o(p) = 6*p + 18. What is o(-8)?
-30
Let s(v) = 23*v - 734. What is s(44)?
278
Let d(w) = -155*w**3 + 4*w**2 + 5*w - 8. Give d(1).
-154
Let i(z) = -z**3 - 45*z**2 + 89*z - 220. What is i(-47)?
15
Let b(q) = q**3 + 16*q**2 - 8*q + 44. Determine b(-16).
172
Let u(q) = -97*q**3 - q**2 - 4*q - 3. Calculate u(-1).
97
Let t(v) = -v**3 + 4*v**2 + 29*v + 49. Determine t(8).
25
Let z(b) = 49*b**2 + 2396*b - 200. Give z(-49).
45
Let j(k) = 455*k**3 + 2*k**2. Give j(1).
457
Let k(h) = -49*h - 35. What is k(-1)?
14
Let z(v) = 14*v**3 - 153*v**2 - 20*v - 82. Give z(11).
-181
Let v(j) = -124*j**3 - 2*j**2 - 2*j - 13. Calculate v(-2).
975
Let s(p) = -p**3 - 33*p**2 + 113*p + 2854. Determine s(-34).
168
Let k(f) = -13*f**2 + 214*f - 433. Determine k(14).
15
Let j(i) = 20*i - 97. Give j(3).
-37
Let o(m) = -3*m**3 + 25*m**2 - 2*m + 163. Give o(9).
-17
Let s(k) = -204*k**2 - 212*k - 3. Determine s(-1).
5
Let w(q) = 325*q + 577. Calculate w(-2).
-73
Let a(z) = z**3 - z**2 - 20*z + 24. What is a(5)?
24
Let d(s) = -s**3 - 2*s**2 + 4*s + 21. Give d(-9).
552
Let f(y) = -3*y**2 - 2*y + 215. Determine f(-8).
39
Let u(f) = -f**3 + 6*f**2 - 54*f + 565. Give u(8).
5
Let y(q) = -2*q**3 + 6*q**2 + 209*q - 811. Determine y(4).
-7
Let y(i) = -16*i**2 + 88*i - 106. Calculate y(2).
6
Let k(w) = -w**3 + 67*w**2 - 242*w - 626. Give k(63).
4
Let h(p) = p**2 - 13*p - 17. Give h(0).
-17
Let y(u) = 2*u**3 - 12*u**2 - 14*u - 3. Calculate y(7).
-3
Let k(x) = -x + 197. Calculate k(6).
191
Let l(o) = -o**3 + 22*o**2 + 128*o - 2815. Determine l(22).
1
Let p(o) = 7*o**3 + 3*o**2 + 27*o + 50. What is p(-2)?
-48
Let n(l) = l**2 - 923*l + 1846. Determine n(2).
4
Let a(b) = 25*b - 471. Calculate a(17).
-46
Let b(a) = -4*a**3 - 6*a + 26. Calculate b(0).
26
Let k(o) = -43*o**2 + 4*o + 65. Determine k(0).
65
Let j(y) = -1352*y + 20256. Calculate j(15).
-24
Let x(y) = -12*y - 909. Determine x(-71).
-57
Let t(o) = 115*o + 4372. Determine t(-38).
2
Let o(q) = -2*q**2 + 35*q - 24. What is o(23)?
-277
Let i(y) = y**3 - 6*y**2 - 17*y + 99. What is i(6)?
-3
Let b(w) = 4*w**3 - 247*w**2 + 650*w - 58. What is b(59)?
1
Let i(d) = d**2 - 27*d + 183. What is i(20)?
43
Let c(r) = r**3 - 85*r**2 - 75*r - 929. Determine c(86).
17
Let u(z) = 2*z**3 + 10*z**2 + 18*z + 54. Give u(-6).
-126
Let b(s) = -81*s + 2046. Determine b(23).
183
Let o(k) = -k**3 - 2*k**2 + 20*k - 14. Calculate o(-7).
91
Let t(r) = -r**3 - 110*r**2 + 447*r - 313. What is t(-114)?
713
Let i(d) = -d**3 + 20*d**2 + 566*d - 162. What is i(-16)?
-2
Let p(o) = 3*o**2 + 143*o - 49. Calculate p(-48).
-1
Let t(n) = n**3 - 12*n**2 + 16*n + 49. What is t(10)?
9
Let x(f) = 52*f**3 - 2. What is x(-1)?
-54
Let r(o) = o**3 - 32*o**2 + 116*o - 126. Give r(28).
-14
Let m(j) = 64*j - 31. Give m(6).
353
Let z(a) = a**2 + 24*a - 104. Calculate z(-29).
41
Let r(q) = q**3 + 29*q**2 + 131*q - 155. What is r(-7)?
6
Let q(r) = 12*r - 181. Calculate q(15).
-1
Let h(l) = 2*l**2 + 769*l - 34422. Calculate h(-425).
3
Let a(h) = 17*h**2 + 33*h + 36. Give a(-1).
20
Let y(j) = -2*j**2 + 164*j + 1156. What is y(-7)?
-90
Let c(u) = -9*u**2 - 67*u - 2. Determine c(-7).
26
Let b(d) = -d**2 + 6*d + 485. Calculate b(24).
53
Let v(w) = 8*w + 1557. What is v(-180)?
117
Let j(u) = -u**3 - 5*u**2 - 78*u - 291. Determine j(-4).
5
Let u(w) = 10*w**2 - 77*w + 9. Give u(8).
33
Let x(a) = 124*a**2 - 5707*a + 155. Calculate x(46).
17
Let l(z) = 284*z + 1682. Calculate l(-6).
-22
Let h(g) = 9*g + 230. Give h(-25).
5
Let y(x) = 142*x + 6368. Determine y(-46).
-164
Let k(z) = -6*z**2 - 49*z - 257. What is k(-6)?
-179
Let z(w) = -w**3 + w**2 + 43*w + 70. What is z(5)?
185
Let s(y) = y**3 - 33*y**2 - 32*y + 139. Calculate s(34).
207
Let i(g) = -g**3 + 34*g**2 - 296*g + 154. Calculate i(15).
-11
Let m(s) = -81*s + 585. What is m(7)?
18
Let j(s) = s**3 + s**2 - 224*s - 35. Determine j(15).
205
Let o(t) = 24*t + 752. What is o(-27)?
104
Let l(n) = 2*n**3 - 18*n**2 - 8*n. Give l(9).
-72
Let b(c) = -c**3 + 47*c**2 - 13*c + 595. Calculate b(47).
-16
Let j(t) = 30*t + 742. Give j(-22).
82
Let f(c) = -1884*c + 84785. Give f(45).
5
Let q(v) = -2*v**2 - 5*v + 10. What is q(3)?
-23
Let s(y) = -4*y + 44. Calculate s(-17).
112
Let n(q) = -637*q**2 + 2*q + 1. Give n(1).
-634
Let o(p) = -838*p + 5773. Calculate o(7).
-93
Let i(v) = -8118*v - 56814. What is i(-7)?
12
Let u(r) = -114*r - 312. Determine u(-6).
372
Let g(s) = s**2 - 113*s + 438. What is g(4)?
2
Let l(o) = o**3 - 38*o**2 + 169*o - 7. What is l(5)?
13
Let y(m) = m**2 - 262*m + 2281. Calculate y(9).
4
Let o(r) = 44*r + 3539. Determine o(-80).
19
Let v(u) = 2*u**3 - 24*u**2 + 33*u - 8. Determine v(10).
-78
Let r(n) = -29*n + 165. Determine r(-6).
339
Let q(i) = -i**2 - 480*i + 4854. Determine q(10).
-46
Let d(z) = 23*z - 1421